 5513*m - 11071. What is h(2)?
-45
Let u(d) = -8304*d + 34148. What is u(4)?
932
Let a(f) = -2*f**2 - 113*f - 400. What is a(-59)?
-695
Let c(f) = 92*f**2 - 53518*f - 122644. Calculate c(584).
-4
Let o(t) = t**2 - 8*t + 101. Determine o(-28).
1109
Let f(q) = -37154*q + 297096. Give f(8).
-136
Let a(l) = 5*l**2 + 47*l - 192. Calculate a(-12).
-36
Let p(v) = -28*v**2 + 1164*v + 487. Give p(42).
-17
Let c(u) = u**3 - 2*u**2 + 294*u - 890. Give c(3).
1
Let z(p) = 630*p**3 - 7*p**2 + 123*p + 276. Determine z(-2).
-5038
Let z(c) = -3*c**2 + 119*c + 1223. What is z(48)?
23
Let w(t) = 6*t**2 + 5786*t + 52144. What is w(-9)?
556
Let h(c) = 247*c + 26965. Calculate h(-109).
42
Let p(d) = -16*d**2 + 909*d - 3619. Give p(4).
-239
Let p(z) = z**3 - 95*z**2 + 945*z - 14787. What is p(86)?
-81
Let q(z) = 267*z**2 - z + 7. Give q(2).
1073
Let q(v) = -559*v - 7963. What is q(-14)?
-137
Let g(f) = 4152*f - 12892. Give g(3).
-436
Let k(f) = -3779*f + 118814. What is k(32)?
-2114
Let q(u) = 1511*u - 18144. Calculate q(14).
3010
Let i(o) = o**3 - 55*o**2 + 58*o - 158. Give i(54).
58
Let f(x) = 73207*x - 11200681. Calculate f(153).
-10
Let g(t) = 32*t**2 - 4150*t - 29163. Calculate g(-7).
1455
Let s(o) = -119*o**2 + 772*o + 4. Calculate s(7).
-423
Let m(h) = -h**3 - 104*h**2 - 227*h - 2334. Give m(-102).
12
Let o(b) = b**3 + 10*b**2 + 139*b + 872. Give o(-10).
-518
Let j(i) = -5769*i - 57745. Give j(-10).
-55
Let x(f) = -f**3 - 10*f**2 - 63*f + 560. Determine x(8).
-1096
Let b(f) = -249*f + 32810. Give b(133).
-307
Let i(h) = -2*h**2 + 1707*h - 21305. Calculate i(13).
548
Let w(t) = 290*t + 2631. Give w(-8).
311
Let g(d) = -3693*d + 2197353. Give g(595).
18
Let z(u) = 22804*u - 1322594. Give z(58).
38
Let x(q) = -q**3 - 430*q**2 - 41323*q + 199. Determine x(-145).
-91
Let p(o) = 4*o**3 - 20*o**2 - 407*o - 124. Give p(13).
-7
Let m(f) = 676*f - 57403. Determine m(85).
57
Let n(x) = -12860*x + 64219. What is n(5)?
-81
Let v(y) = -y**2 - 107*y + 2184. Calculate v(-86).
3990
Let v(r) = -545*r**2 - 2721*r - 31. Calculate v(-5).
-51
Let s(w) = 1301*w**2 + 32525*w - 47. Calculate s(-25).
-47
Let i(u) = -4*u**3 - 6*u**2 - 310*u - 306. What is i(-1)?
2
Let g(y) = -y**3 + 38*y**2 + 1692*y - 64307. Determine g(38).
-11
Let x(c) = 7109*c - 64010. Give x(9).
-29
Let b(d) = -6204*d - 57003. What is b(-9)?
-1167
Let q(o) = -4*o**3 + 179*o**2 + 24*o + 933. What is q(45)?
-12
Let k(o) = -o**2 + 239*o + 22691. Determine k(-69).
1439
Let j(s) = -5*s**2 + 1769*s - 6700. Determine j(350).
-50
Let n(d) = -209594*d + 628782. Give n(3).
0
Let m(h) = 7882*h + 23625. Calculate m(-3).
-21
Let r(a) = -2432*a + 2433. Give r(1).
1
Let k(d) = -121*d**3 - 12092*d**2 + 799*d - 101. Calculate k(-100).
-1
Let w(r) = 3132*r + 15368. Determine w(-5).
-292
Let p(s) = 16*s**3 + 191*s**2 + 28*s + 469. Determine p(-12).
-11
Let v(o) = -299*o + 2359. What is v(6)?
565
Let j(v) = 10599*v - 114164. Determine j(11).
2425
Let h(t) = -6*t**3 + 696*t**2 - 1375*t + 795. What is h(114)?
-3
Let g(b) = -b**3 + 513*b**2 + 3267*b - 79408. What is g(519)?
-1
Let j(m) = -8470*m + 779233. Calculate j(92).
-7
Let c(w) = w**3 + 50*w**2 - 751*w - 516. Determine c(-62).
-82
Let f(j) = -2*j**2 + 22*j + 3257. Give f(34).
1693
Let w(i) = 405447*i + 2027214. What is w(-5)?
-21
Let x(f) = -f**2 + 20*f + 287. Determine x(23).
218
Let v(g) = 15*g**2 + 80*g + 628. Determine v(-10).
1328
Let i(v) = v**2 - 10313*v + 4003238. Calculate i(404).
2
Let p(x) = 2*x**3 + 41*x**2 + 43*x + 542. What is p(-20)?
82
Let p(i) = 21*i**2 - 67*i - 1703. Determine p(10).
-273
Let w(d) = -1309*d**2 + 975*d - 5. Determine w(1).
-339
Let n(j) = -242668*j - 1456161. What is n(-6)?
-153
Let p(v) = 3*v**3 - 12*v**2 + 8*v + 140. Calculate p(4).
172
Let y(j) = 984*j**2 + 15739*j + 21. Determine y(-16).
101
Let g(u) = 16794*u - 503841. What is g(30)?
-21
Let z(x) = -7013*x - 98185. What is z(-14)?
-3
Let h(q) = -3*q**2 + 323*q - 4497. Determine h(108).
-4605
Let v(i) = -29*i**2 + 185*i + 1060. Determine v(-6).
-1094
Let w(o) = -184*o - 4459. Give w(-27).
509
Let t(i) = -i**2 - 104*i - 2117. Determine t(-54).
583
Let z(s) = 25172*s + 150989. What is z(-6)?
-43
Let n(r) = -2*r**3 + 12*r**2 + 111*r + 316. Determine n(-5).
311
Let r(m) = -230*m**2 - 184*m + 580. Give r(3).
-2042
Let f(d) = 594*d + 307645. Calculate f(-518).
-47
Let s(a) = 32034*a + 384466. What is s(-12)?
58
Let c(k) = 4810*k - 1139967. Give c(237).
3
Let h(i) = 2*i**2 - 244*i - 6396. Calculate h(148).
1300
Let w(g) = -11*g**3 - 18*g**2 + 71*g - 28. What is w(4)?
-736
Let u(z) = -154*z**2 + 546*z - 266. Determine u(3).
-14
Let p(u) = -87*u**3 - 41933*u**2 + 480*u - 960. What is p(-482)?
4
Let u(i) = i**2 + 420*i + 3607. What is u(-9)?
-92
Let p(o) = 893683*o + 25916809. Determine p(-29).
2
Let d(u) = 2*u**3 + 99*u**2 - 425*u - 23232. Calculate d(-49).
-6
Let c(v) = -9*v**3 + 8*v**2 - 240*v - 1677. Calculate c(-6).
1995
Let y(w) = 3*w**3 - 249*w**2 - 297*w + 3791. Give y(84).
11
Let g(l) = -69*l**2 - 294*l + 29. Determine g(-4).
101
Let w(d) = 3*d**3 + 178*d**2 - 498*d - 90. Give w(-62).
34
Let v(u) = 5306*u - 58265. Give v(11).
101
Let m(y) = y**3 + 87*y**2 + 1616*y - 134. Give m(-60).
106
Let k(q) = 12260*q + 36900. Determine k(-3).
120
Let h(y) = -7*y**3 - 197*y**2 - 36*y + 39. What is h(-28)?
263
Let l(c) = -6*c**3 - 1132*c**2 - 738*c + 2635. What is l(-188)?
3
Let x(h) = 139*h**2 + 21205*h + 296190. What is x(-137)?
-4
Let r(u) = 575*u - 235803. Determine r(410).
-53
Let y(v) = -325*v**2 + 3713*v + 50. Determine y(12).
-2194
Let m(b) = -12*b**3 + 7789*b**2 - 8463*b + 25281. Give m(648).
9
Let l(j) = 316*j - 17037. Determine l(54).
27
Let x(o) = 6*o**2 - 651*o - 4838. Give x(115).
-353
Let x(o) = o**3 - o**2 - 1614*o + 27. Determine x(0).
27
Let o(j) = -56*j - 2129. Calculate o(-27).
-617
Let j(s) = -69*s - 17414. Give j(-248).
-302
Let m(h) = 1651*h**2 - 14869*h + 89. Calculate m(9).
-1
Let i(k) = 2*k**2 - 440*k - 1776. Calculate i(-4).
16
Let p(i) = -24468*i + 122343. Determine p(5).
3
Let m(i) = -66902*i - 133810. Determine m(-2).
-6
Let h(w) = -w**3 + 29*w**2 + 83*w - 182. Determine h(32).
-598
Let g(u) = -293*u**2 + 391*u - 392. Give g(1).
-294
Let v(u) = 3*u**3 + 11*u**2 + 13*u + 55. Calculate v(-4).
-13
Let p(h) = -356*h**2 + 3141*h + 573. Calculate p(9).
6
Let t(h) = 10380*h + 965341. Give t(-93).
1
Let p(q) = q**3 + 605*q**2 + 1267*q + 36778. Determine p(-603).
-5
Let w(r) = -43*r**2 + 3843*r + 47483. Give w(-11).
7
Let z(x) = -2*x**2 + 336*x - 8844. Give z(154).
-4532
Let h(s) = -5517*s + 132453. Determine h(24).
45
Let c(t) = 7*t**2 + 192*t + 3260. Determine c(-15).
1955
Let m(u) = -u**3 - 16*u**2 - 160*u - 3092. What is m(-17)?
-83
Let n(r) = -1047380*r + 14663326. Calculate n(14).
6
Let p(t) = -t**3 + 116*t**2 - 447*t - 232. Determine p(112).
-120
Let f(w) = 2076*w - 29068. What is f(14)?
-4
Let g(b) = -b**3 - 212*b**2 + 24447*b - 11200. Give g(-295).
10
Let y(u) = 5*u**2 - 664*u + 22051. Give y(67).
8
Let x(y) = 254*y - 340107. Give x(1339).
-1
Let h(y) = y**3 + 38*y**2 + 208*y + 2679. What is h(-33)?
1260
Let q(s) = 33*s**2 + 2701*s + 7405. What is q(-79)?
-21
Let h(l) = -13*l**3 - 584*l**2 + 16*l - 1343. Give h(-45).
-38
Let q(h) = h**3 - 270*h**2 - 14541*h - 231. What is q(-46)?
-1
Let h(q) = 11*q**2 + 1113*q - 165231. Determine h(82).
-1
Let t(q) = -2*q**2 + 1166*q - 92545. What is t(488)?
175
Let t(d) = 4*d**2 - 19*d - 600. Calculate t(20).
620
Let s(a) = 1681283*a - 8406404. Give s(5).
11
Let d(h) = -h**2 - 82*h + 3961. What is d(38)?
-599
Let i(b) = 53049*b + 8806127. What is i(-166)?
-7
Let i(v) = 76695*v + 383511. Calculate i(-5).
36
Let s(o) = -1164*o + 16313. Calculate s(14).
17
Let g(k) = 593*k - 1190. Calculate g(1).
-597
Let b(t) = 25*t**2 + 494*t - 51. What is b(-20)?
69
Let v(f) = f**3 - 11*f**2 - 18967*f + 208622. Give v(11).
-15
Let z(x) = 12*x**2 + 181*x + 34. Determine z(-17).
425
Let j(b) = -27102*b + 2141057. Determine j(79).
-1
Let u(h) = -h**3 - 14*h**2 + 197*h - 39. Determine u(10).
-469
Let y(f) = -f**3 + 32*f**2 - 977*f + 35550. What is y(34)?
20
Let p(r) = -2529*r + 22959. Determine p(9).
198
Let m(y) = -4348*y - 13139. Determine m(-3).
-95
Let m(j) = -963*j - 10211. What is m(-9)?
-1544
Let i(o) = -478*o - 2416. Calculate i(-6).
452
Let l(p) = -p*